 What is the units digit of x(7)?
6
Let c(s) = s**2 - 6*s. Let y be c(6). Suppose y = -4*g + 5*h + 39, -4*g - 4*h + 12 + 0 = 0. What is the units digit of g?
6
Let t be (0 + 10)*9/6. Suppose 0 = 5*x + 4*d - 10, 5*d = -t - 10. What is the units digit of x?
6
Let p = -3 - -3. What is the units digit of (18 - p)*(6 + -5)?
8
Let k = -21 + 10. Let h = 31 + k. Suppose 2*g + h = 6*g. What is the units digit of g?
5
Let g be (-4)/(-18) - 3840/27. What is the tens digit of g/(-12) + 6/36?
1
Let y = -397 + 585. What is the tens digit of y?
8
Let p(d) = -d**3 + 7*d**2 + 5. Let v be p(7). Suppose -6*u + 3*u + 53 = 4*n, -40 = -v*n + 5*u. What is the tens digit of n?
1
Suppose -4*o + 0*o + 300 = 0. What is the units digit of (o/12)/(2/8)?
5
Suppose -68 = -3*g + 61. What is the units digit of g?
3
Suppose r + 3 - 228 = 0. What is the tens digit of r?
2
Let y(n) = 4*n**2 - n. Let q be y(1). Suppose q*m - 5*l - 80 = -3*l, -2*m + 4*l + 48 = 0. What is the units digit of m?
8
Let w(f) = 6*f - 1. Let m(g) = -7*g + 2. Let q = -10 + 5. Let z(h) = q*m(h) - 6*w(h). What is the units digit of z(-5)?
1
Let y be (-4 + 8)/(1/2). Let g = -3 + y. Suppose 5*m + j = 8, j - g = m - j. What is the units digit of m?
1
Let q = -47 + 69. Let l = q - 9. What is the tens digit of l?
1
Suppose -g + 1 = -17. What is the tens digit of g?
1
Suppose 0 = -t + 5*p - 10 + 83, 4*t - 232 = 5*p. What is the tens digit of t?
5
Let f = 14 + -6. Let h(d) be the first derivative of d**2/2 - 7*d + 1. What is the units digit of h(f)?
1
Let j = -41 + 97. What is the tens digit of j?
5
Suppose -b = q - 3, -5*b + 5*q - 3 = 4*q. Suppose 3*d - 2*w + 14 = b, 6*d - 14 = 3*d - 5*w. What is the units digit of (d/(-6))/((-1)/(-15))?
5
Let f = 22 + -15. What is the units digit of f?
7
Let g(a) = -9*a**3 + 2*a**2 - 5*a. Let k(j) = -10*j**3 + 2*j**2 - 6*j. Let u(b) = 7*g(b) - 6*k(b). Let t be (-4)/(-14) - 9/7. What is the units digit of u(t)?
4
Let i = 7 - 5. Suppose 4*r = i*r + 24. What is the units digit of r?
2
Let j = -5 - -7. Let k be (4/j)/2 - 18. Let l = 29 + k. What is the tens digit of l?
1
Suppose 5*s - 24 = 51. What is the units digit of s?
5
Suppose 3 - 1827 = -6*m. What is the units digit of m?
4
What is the units digit of (8/(-32))/((-2)/8)?
1
Let v be (1/(-3))/(3/(-27)). What is the units digit of v/3*11 - 2?
9
Let c(b) be the second derivative of -1/2*b**3 - 3*b**2 + 5/12*b**4 - b + 1/20*b**5 + 0. What is the units digit of c(-5)?
9
Let b = 10 - 8. Suppose -o - b = -16. What is the tens digit of o?
1
Let f = -16 - -106. What is the tens digit of f?
9
Suppose -u + 9 = -4*u, 0 = 4*t - 2*u - 10. Let n(x) = -t + x**2 + 8 + 0 + 0 + 6*x. What is the units digit of n(-7)?
4
Let x(z) = z**3 + 7*z**2 + 6*z + 4. Let v be x(-5). Suppose v = g + g. What is the tens digit of g?
1
Let p(m) = -4*m + 19. What is the units digit of p(0)?
9
Suppose -l - 79 = -5*r, 0 = -4*r - 3*l - 22 + 70. Let z be (-4)/((-12)/r) - 1. Suppose -5 = -b + z. What is the units digit of b?
9
What is the tens digit of ((-1820)/8)/(-5)*2?
9
Let j = 15 - -9. What is the tens digit of j?
2
Let g(t) = -t**2 + t + 8. Let w be g(0). Let n = -6 + w. What is the tens digit of 16 + -3 + n - 1?
1
Suppose -3*s - 610 = -5*z, -z - s = -5*s - 105. What is the hundreds digit of z?
1
Let y be 1/4 + 183/4. Let m = y + -8. Suppose 3*i = m + 4. What is the tens digit of i?
1
Let h = -33 + -11. What is the units digit of 20/(-50)*(h - 1)?
8
Let r = -20 - -23. Suppose -20 = -4*c - 0*u - 4*u, -15 = -r*c + 3*u. What is the units digit of c?
5
Let j(s) = s**2 - s - 2. Let o be j(3). Suppose -o*i = 2*d + 8, 4*i + d = 3*d - 8. What is the units digit of 21/3*(-2)/i?
7
Let c = 196 - -6. What is the tens digit of c?
0
Let m be -2 + 2 + 0 + 42. What is the units digit of ((-1)/(-3))/(2/m)?
7
Let w be ((-6)/9)/((-2)/30). Suppose -4*h + 8 + 17 = 3*j, w = -2*j + 4*h. What is the units digit of j?
3
Let r(j) be the second derivative of j**4/12 - j**3/3 - 7*j**2/2 - 3*j. What is the tens digit of r(7)?
2
Suppose 0 = y - 1, -4*y = 6*z - 8*z + 184. What is the tens digit of z?
9
Suppose 25 = 2*y + u + 2, 19 = y - 2*u. Let m = y + 1. What is the units digit of m?
4
Let w = 33 + -30. What is the units digit of w?
3
Let j(a) be the third derivative of -a**6/30 + a**5/30 + a**3/6 + a**2. What is the tens digit of j(-2)?
4
Let p = 237 + -131. What is the units digit of p?
6
Let o(u) = -u**3 + 6*u**2 + 7. Let z be o(6). Let p be 2*1/4*2. Suppose -p = -b + z. What is the units digit of b?
8
Let o be 3 + (0 + -1)*-1. Suppose -5*k + 8 = -4*u, -o*u - 2*k - 2*k = -28. What is the units digit of u?
3
Let v(j) = j - 2. Let q be v(7). Suppose 2*g + 10 + 3 = n, 5 = -3*n - q*g. Suppose n*a - 25 = 15. What is the units digit of a?
8
Let k = 51 + -13. Suppose 0 = -5*a - 4*j + 22 + 27, 2*j - k = -4*a. What is the units digit of a?
9
Let s(r) = -r**2 + 3*r + 273. What is the tens digit of s(0)?
7
Suppose -g - 2 = -0*g, 0 = -3*h + g + 17. What is the units digit of h?
5
Suppose 3*y - 133 = 86. What is the tens digit of y?
7
Let g(j) = -j**3 - 8*j**2 - 7*j + 5. Let k be g(-7). Suppose -4*w = -k*h + 158, 83 = h + h + 5*w. What is the tens digit of h?
3
Suppose -n = 3*z + 49, 3*n = n + 2*z - 90. Let a = n + 91. Suppose -y = 2*y - a. What is the tens digit of y?
1
Let v(w) = -13*w - 1. What is the units digit of v(-3)?
8
Let b(w) = -w + 8. Let g be b(0). Let s = 14 - g. What is the units digit of s?
6
Let c(a) = 3*a - 2. Suppose -s + 9 = 2*d, -6*s - 17 = -3*d - 4*s. What is the tens digit of c(d)?
1
Let u = -2 + 4. Let a be u/((-8)/(-10) - 1). Let j = 1 - a. What is the tens digit of j?
1
Let x be (-6)/(-12) + (-11)/(-2). Let z = x - 3. What is the units digit of z?
3
Let j be ((-5)/(-3))/(1/3). Let u(i) = i**3 - 5*i**2 - 8*i + 8. Let h be u(6). Let t = h + j. What is the units digit of t?
1
Let y(c) = c**3 - 8*c**2 - 7*c - 7. Let s = -2 + 11. What is the tens digit of y(s)?
1
Suppose -3*k = -2*m + 30, -k = m + k - 8. Let o = m + 0. What is the tens digit of o?
1
Suppose -5*g + 4*p + 631 = 106, -g + 94 = -3*p. Suppose -5*j = 34 - g. What is the units digit of j?
5
Let r(t) = -t + 1. Let n be r(2). Let b(v) be the first derivative of -5*v**4/4 - v + 5. What is the units digit of b(n)?
4
Suppose 96 = 5*h + 4*a, -4*a = -2*h + h. Suppose 2*d + h = -2*d. What is the units digit of 10/(-1 + (-1 - d))?
5
Let w(t) = 14*t + 9. Let i be w(-5). Let d = i - -86. What is the units digit of d?
5
Suppose 9 - 27 = 3*p. Let j = p - -10. What is the units digit of j?
4
Let q(v) = -3*v + 2*v**2 + 14 + 10 + 2*v + v**3 - v**2. What is the units digit of q(0)?
4
Suppose 5*k - 453 + 43 = 0. What is the units digit of k?
2
Let k(m) = 2*m**2 - 5*m - 11. What is the hundreds digit of k(-7)?
1
Let d(q) = -q**3 - q**2 - q - 1. What is the units digit of d(-2)?
5
Suppose 0 = -c + 7 - 4. Suppose 2*s + b + 0*b = 31, 5*b - 57 = -c*s. What is the units digit of s?
4
Let k(v) = -2*v**3 - v**2 - v - 1. Let j = 3 - -3. Let u = j - 7. What is the units digit of k(u)?
1
Let h(i) be the second derivative of -i**5/20 - i**4/6 + i**3/6 + i**2 + 3*i. What is the units digit of h(-3)?
8
Let o be (2 - 2) + 11 + 1. Suppose w = -w + o. What is the units digit of w?
6
Let y = 96 - 40. What is the tens digit of y?
5
Let g be 2/3*1*-6. Let d be (2/g)/(3/(-18)). Let f = d + 2. What is the units digit of f?
5
Let x(y) be the third derivative of 5*y**4/24 - y**3/3 + 2*y**2. What is the units digit of x(2)?
8
Let a = 1 - -1. Suppose -2*n - 3 = -5*t, -a*t + 0 = -n + 1. What is the tens digit of n?
1
Suppose -60 = -4*y - 0. Suppose -y = -0*s - 3*s. What is the units digit of s?
5
Let i = 107 + -62. What is the tens digit of i?
4
What is the units digit of (-9)/(-2)*8/6?
6
Let c(j) = j**2 + 2*j. What is the units digit of c(6)?
8
Suppose -5*o + 29 = 4. Suppose 3*r - 210 = -2*r + h, o*r + 5*h = 180. What is the tens digit of r?
4
Suppose 4 = 5*n + 39. Let q be (24/28)/((-1)/n). What is the tens digit of q*(-1)/3*-5?
1
Suppose -2*q + 50 = 3*q. Suppose -2*z = -q - 16. What is the units digit of (0 + 1 - 1) + z?
3
Let r = -389 + 571. What is the units digit of r?
2
What is the tens digit of (57/(-4))/((-3)/8)?
3
Let r = -12 - -43. What is the units digit of r?
1
What is the units digit of (140/(-50))/((-2)/30)?
2
Suppose 0 = -5*j - 5*i + 205, -2*i -